{"id":1016,"date":"2022-04-26T19:07:37","date_gmt":"2022-04-26T19:07:37","guid":{"rendered":"https:\/\/svchc.org\/espanol\/?page_id=1016"},"modified":"2025-05-01T23:01:20","modified_gmt":"2025-05-01T23:01:20","slug":"inscripcion-eligibilidad","status":"publish","type":"page","link":"https:\/\/svchc.org\/espanol\/servicios\/inscripcion-eligibilidad\/","title":{"rendered":"Inscripci\u00f3n &#038; Elegibilidad"},"content":{"rendered":"<h2>Elegibilidad &amp; Inscripci\u00f3n<\/h2>\n<p>Bajo la colaboraci\u00f3n con el consorcio de salud\u00a0 <a href=\"https:\/\/aliadoshealth.org\/community-outreach-and-enrollment\/\">Aliados Health<\/a> , conocido anteriormente como Redwood Community Health Coalition, SVCHC tiene un equipo de Consejeras de Inscripci\u00f3n Certificadas para ayudarle con lo siguiente.<\/p>\n<ul>\n<li><a href=\"https:\/\/www.dhcs.ca.gov\/services\/medi-cal\/Pages\/DoYouQualifyForMedi-Cal.aspx\">Medi-Cal<\/a><\/li>\n<li><a href=\"http:\/\/calfresh.dss.ca.gov\/healthyliving\/eating-healthy\">Calfresh<\/a><\/li>\n<li><a href=\"https:\/\/www.coveredca.com\/?gclid=Cj0KCQjwsrWZBhC4ARIsAGGUJuoF2__2lgilQI7kJ_OunPyN3m-8qaAlxhZSxc0HyKm9AfjNwCPyRDEaAjPEEALw_wcB\">Covered California<\/a><\/li>\n<\/ul>\n<p>Para preguntas o agendar una cita, favor de llamar a 707-939-6070 o por correo electr\u00f3nico a <a href=\"mailto:eligibility@svchc.org\">eligibility@svchc.org<\/a>.<\/p>\n<p>\u00bfNecesita contactar o tramitar documentos directamente con la Oficina de Servicios Humanos del Condado de Sonoma ?<\/p>\n<p><strong>Por Tel\u00e9fono:<\/strong> Call\u00a0\u00a0<a href=\"tel:+18776996868\">(877) 699-6868<\/a><\/p>\n<p>Para ingl\u00e9s oprima #1<br \/>\nPara espa\u00f1ol oprima #2<\/p>\n<p><strong>Por Correo:<\/strong><br \/>\nEconomic Assistance<br \/>\nMedi-Cal Renewal<br \/>\nP.O. Box 1539<br \/>\nSanta Rosa, CA 95402<\/p>\n<p><strong>Por Fax: <\/strong><a href=\"tel:+17075655252\">(707) 565-5252<\/a><\/p>\n<p><strong>En Persona:<\/strong><\/p>\n<ul>\n<li>Oficina de Servicios Humanos del Condado de Sonoma, 2550 Paulin Drive, Santa Rosa<\/li>\n<li>Oficina de Servicios Humanos del Condado de Sonoma &#8211; Campus del Sur del Condado <strong>,\u00a0<\/strong>5350 Old Redwood Highway, Suite 100, Petaluma<\/li>\n<\/ul>\n<hr \/>\n<h2><strong>Lista de beneficios de salud de Medi-Cal<\/strong><\/h2>\n<h3>Full Scope Medi-Cal brinda atenci\u00f3n m\u00e9dica o cobertura gratuita o de bajo costo para:<\/h3>\n<ol>\n<li>Servicios para pacientes ambulatorios (ambulatorios)<\/li>\n<li>Servicios de emergencia<\/li>\n<li>Hospitalizaci\u00f3n<\/li>\n<li>Salud mental<\/li>\n<li>Medicamentos recetados<\/li>\n<li>Transporte<\/li>\n<li>Podolog\u00eda<\/li>\n<li>Fisioterapia<\/li>\n<li>Servicios de laboratorio<\/li>\n<li>Servicios de prevenci\u00f3n y bienestar y gesti\u00f3n de enfermedades cr\u00f3nicas<\/li>\n<li>Cuidado dental<\/li>\n<li>Servicios y soporte a domicilio<\/li>\n<li>Visi\u00f3n (anteojos y aud\u00edfonos)<\/li>\n<\/ol>\n<hr \/>\n<h2><strong>Preguntas frecuentes<\/strong><\/h2>\n<h3><strong>\u00bfQu\u00e9 pasa si ya tengo Medi-Cal de alcance restringido (emergencia)?<\/strong><\/h3>\n<p>Las personas que actualmente estaban inscritas en Medi-Cal de alcance restringido (emergencia) deber\u00edan haber hecho la transici\u00f3n autom\u00e1ticamente a Medi-Cal de alcance completo. Las personas deber\u00edan haber recibido una carta de la oficina de Servicios Humanos del Condado inform\u00e1ndoles sobre la transici\u00f3n y los nuevos beneficios de salud.<\/p>\n<h3><strong>\u00bfQu\u00e9 pasa si recibo un paquete de renovaci\u00f3n anual de Medi-Cal?<\/strong><\/h3>\n<p>Los paquetes de renovaci\u00f3n anual de la oficina de Servicios Humanos del condado deben completarse y enviarse antes de la fecha l\u00edmite para continuar con la cobertura y evitar una carta de terminaci\u00f3n de Medi-Cal.<\/p>\n<h3><strong>\u00bfQu\u00e9 pasa si no tengo Medi-Cal?<\/strong><\/h3>\n<p>Las personas pueden solicitar Medi-Cal 1) a trav\u00e9s de BenefitsCal 2) llamando al 1-877-699-6868 3) visitando los Servicios Humanos del Condado de Sonoma.<\/p>\n<h3><strong>\u00bfQu\u00e9 pasa si mis hijos ya tienen Medi-Cal?<\/strong><\/h3>\n<p>&nbsp;<\/p>\n<p>Si los ni\u00f1os del hogar ya est\u00e1n inscritos, los adultos pueden llamar al 1-877-699-6868 o ir a la Oficina de Servicios Humanos para ser evaluados para Medi-Cal.<\/p>\n<hr \/>\n<div id=\"asistencia-al-paciente\"><\/div>\n<h2>Asistencia al Paciente<\/h2>\n<p>Nuestros consejeros de inscripci\u00f3n certificados facilitan el acceso a cuidado de salud de calidad, seguro m\u00e9dico, y educaci\u00f3n para todos los miembros de la comunidad. Esto es verdad especialmente para los que no tienen seguro m\u00e9dico o no tienen suficiente cobertura de seguro. Nuestros consejeros registran a pacientes en varios programas como Covered California, Med\u00ed-Cal, Medicare, CMSP, Partnership Healthplan, el programa de tarifa a base de ingreso de la cl\u00ednica, CalFresh y muchos otros. Tambi\u00e9n conectan a los pacientes con recursos tales como vivienda, transportaci\u00f3n, comida, etc.<\/p>\n<p>Por Favor llame al 707.939.6070 para hacer una cita con uno de nuestros consejeros de inscripci\u00f3n certificados.<\/p>\n<p><img loading=\"lazy\" decoding=\"async\" class=\"alignnone size-full wp-image-198\" src=\"\/wp-content\/uploads\/2019\/03\/covered_ca.jpg\" alt=\"Logo de Covered California\" width=\"225\" height=\"99\" \/><\/p>\n","protected":false},"excerpt":{"rendered":"<p>Elegibilidad &amp; Inscripci\u00f3n Bajo la colaboraci\u00f3n con el consorcio de salud\u00a0 Aliados Health , conocido anteriormente como Redwood Community Health Coalition, SVCHC tiene un equipo de Consejeras de Inscripci\u00f3n Certificadas para ayudarle con lo siguiente. Medi-Cal Calfresh Covered California Para&#8230;<br \/><a class=\"read_more\" href=\"https:\/\/svchc.org\/espanol\/servicios\/inscripcion-eligibilidad\/\">Read More<\/a><\/p>\n","protected":false},"author":2,"featured_media":0,"parent":180,"menu_order":2,"comment_status":"closed","ping_status":"closed","template":"","meta":{"_acf_changed":false,"footnotes":""},"class_list":["post-1016","page","type-page","status-publish","hentry"],"acf":[],"yoast_head":"<!-- This site is optimized with the Yoast SEO plugin v27.4 - https:\/\/yoast.com\/product\/yoast-seo-wordpress\/ -->\n<title>Inscripci\u00f3n &amp; Elegibilidad - SVCHC<\/title>\n<meta name=\"robots\" content=\"index, follow, max-snippet:-1, max-image-preview:large, max-video-preview:-1\" \/>\n<link rel=\"canonical\" href=\"https:\/\/svchc.org\/espanol\/servicios\/inscripcion-eligibilidad\/\" \/>\n<meta property=\"og:locale\" content=\"en_US\" \/>\n<meta property=\"og:type\" content=\"article\" \/>\n<meta property=\"og:title\" content=\"Inscripci\u00f3n &amp; Elegibilidad - SVCHC\" \/>\n<meta property=\"og:description\" content=\"Elegibilidad &amp; Inscripci\u00f3n Bajo la colaboraci\u00f3n con el consorcio de salud\u00a0 Aliados Health , conocido anteriormente como Redwood Community Health Coalition, SVCHC tiene un equipo de Consejeras de Inscripci\u00f3n Certificadas para ayudarle con lo siguiente. Medi-Cal Calfresh Covered California Para...Read More\" \/>\n<meta property=\"og:url\" content=\"https:\/\/svchc.org\/espanol\/servicios\/inscripcion-eligibilidad\/\" \/>\n<meta property=\"og:site_name\" content=\"SVCHC\" \/>\n<meta property=\"article:modified_time\" content=\"2025-05-01T23:01:20+00:00\" \/>\n<meta name=\"twitter:card\" content=\"summary_large_image\" \/>\n<meta name=\"twitter:label1\" content=\"Est. reading time\" \/>\n\t<meta name=\"twitter:data1\" content=\"3 minutes\" \/>\n<script type=\"application\/ld+json\" class=\"yoast-schema-graph\">{\"@context\":\"https:\\\/\\\/schema.org\",\"@graph\":[{\"@type\":\"WebPage\",\"@id\":\"https:\\\/\\\/svchc.org\\\/espanol\\\/servicios\\\/inscripcion-eligibilidad\\\/\",\"url\":\"https:\\\/\\\/svchc.org\\\/espanol\\\/servicios\\\/inscripcion-eligibilidad\\\/\",\"name\":\"Inscripci\u00f3n & Elegibilidad - SVCHC\",\"isPartOf\":{\"@id\":\"https:\\\/\\\/svchc.org\\\/espanol\\\/#website\"},\"datePublished\":\"2022-04-26T19:07:37+00:00\",\"dateModified\":\"2025-05-01T23:01:20+00:00\",\"breadcrumb\":{\"@id\":\"https:\\\/\\\/svchc.org\\\/espanol\\\/servicios\\\/inscripcion-eligibilidad\\\/#breadcrumb\"},\"inLanguage\":\"en-US\",\"potentialAction\":[{\"@type\":\"ReadAction\",\"target\":[\"https:\\\/\\\/svchc.org\\\/espanol\\\/servicios\\\/inscripcion-eligibilidad\\\/\"]}]},{\"@type\":\"BreadcrumbList\",\"@id\":\"https:\\\/\\\/svchc.org\\\/espanol\\\/servicios\\\/inscripcion-eligibilidad\\\/#breadcrumb\",\"itemListElement\":[{\"@type\":\"ListItem\",\"position\":1,\"name\":\"Home\",\"item\":\"https:\\\/\\\/svchc.org\\\/espanol\\\/\"},{\"@type\":\"ListItem\",\"position\":2,\"name\":\"Nuestros Servicios\",\"item\":\"https:\\\/\\\/svchc.org\\\/espanol\\\/servicios\\\/\"},{\"@type\":\"ListItem\",\"position\":3,\"name\":\"Inscripci\u00f3n &#038; Elegibilidad\"}]},{\"@type\":\"WebSite\",\"@id\":\"https:\\\/\\\/svchc.org\\\/espanol\\\/#website\",\"url\":\"https:\\\/\\\/svchc.org\\\/espanol\\\/\",\"name\":\"SVCHC\",\"description\":\"\",\"potentialAction\":[{\"@type\":\"SearchAction\",\"target\":{\"@type\":\"EntryPoint\",\"urlTemplate\":\"https:\\\/\\\/svchc.org\\\/espanol\\\/?s={search_term_string}\"},\"query-input\":{\"@type\":\"PropertyValueSpecification\",\"valueRequired\":true,\"valueName\":\"search_term_string\"}}],\"inLanguage\":\"en-US\"}]}<\/script>\n<!-- \/ Yoast SEO plugin. -->","yoast_head_json":{"title":"Inscripci\u00f3n & Elegibilidad - SVCHC","robots":{"index":"index","follow":"follow","max-snippet":"max-snippet:-1","max-image-preview":"max-image-preview:large","max-video-preview":"max-video-preview:-1"},"canonical":"https:\/\/svchc.org\/espanol\/servicios\/inscripcion-eligibilidad\/","og_locale":"en_US","og_type":"article","og_title":"Inscripci\u00f3n & Elegibilidad - SVCHC","og_description":"Elegibilidad &amp; Inscripci\u00f3n Bajo la colaboraci\u00f3n con el consorcio de salud\u00a0 Aliados Health , conocido anteriormente como Redwood Community Health Coalition, SVCHC tiene un equipo de Consejeras de Inscripci\u00f3n Certificadas para ayudarle con lo siguiente. Medi-Cal Calfresh Covered California Para...Read More","og_url":"https:\/\/svchc.org\/espanol\/servicios\/inscripcion-eligibilidad\/","og_site_name":"SVCHC","article_modified_time":"2025-05-01T23:01:20+00:00","twitter_card":"summary_large_image","twitter_misc":{"Est. reading time":"3 minutes"},"schema":{"@context":"https:\/\/schema.org","@graph":[{"@type":"WebPage","@id":"https:\/\/svchc.org\/espanol\/servicios\/inscripcion-eligibilidad\/","url":"https:\/\/svchc.org\/espanol\/servicios\/inscripcion-eligibilidad\/","name":"Inscripci\u00f3n & Elegibilidad - SVCHC","isPartOf":{"@id":"https:\/\/svchc.org\/espanol\/#website"},"datePublished":"2022-04-26T19:07:37+00:00","dateModified":"2025-05-01T23:01:20+00:00","breadcrumb":{"@id":"https:\/\/svchc.org\/espanol\/servicios\/inscripcion-eligibilidad\/#breadcrumb"},"inLanguage":"en-US","potentialAction":[{"@type":"ReadAction","target":["https:\/\/svchc.org\/espanol\/servicios\/inscripcion-eligibilidad\/"]}]},{"@type":"BreadcrumbList","@id":"https:\/\/svchc.org\/espanol\/servicios\/inscripcion-eligibilidad\/#breadcrumb","itemListElement":[{"@type":"ListItem","position":1,"name":"Home","item":"https:\/\/svchc.org\/espanol\/"},{"@type":"ListItem","position":2,"name":"Nuestros Servicios","item":"https:\/\/svchc.org\/espanol\/servicios\/"},{"@type":"ListItem","position":3,"name":"Inscripci\u00f3n &#038; Elegibilidad"}]},{"@type":"WebSite","@id":"https:\/\/svchc.org\/espanol\/#website","url":"https:\/\/svchc.org\/espanol\/","name":"SVCHC","description":"","potentialAction":[{"@type":"SearchAction","target":{"@type":"EntryPoint","urlTemplate":"https:\/\/svchc.org\/espanol\/?s={search_term_string}"},"query-input":{"@type":"PropertyValueSpecification","valueRequired":true,"valueName":"search_term_string"}}],"inLanguage":"en-US"}]}},"_links":{"self":[{"href":"https:\/\/svchc.org\/espanol\/wp-json\/wp\/v2\/pages\/1016","targetHints":{"allow":["GET"]}}],"collection":[{"href":"https:\/\/svchc.org\/espanol\/wp-json\/wp\/v2\/pages"}],"about":[{"href":"https:\/\/svchc.org\/espanol\/wp-json\/wp\/v2\/types\/page"}],"author":[{"embeddable":true,"href":"https:\/\/svchc.org\/espanol\/wp-json\/wp\/v2\/users\/2"}],"replies":[{"embeddable":true,"href":"https:\/\/svchc.org\/espanol\/wp-json\/wp\/v2\/comments?post=1016"}],"version-history":[{"count":27,"href":"https:\/\/svchc.org\/espanol\/wp-json\/wp\/v2\/pages\/1016\/revisions"}],"predecessor-version":[{"id":2037,"href":"https:\/\/svchc.org\/espanol\/wp-json\/wp\/v2\/pages\/1016\/revisions\/2037"}],"up":[{"embeddable":true,"href":"https:\/\/svchc.org\/espanol\/wp-json\/wp\/v2\/pages\/180"}],"wp:attachment":[{"href":"https:\/\/svchc.org\/espanol\/wp-json\/wp\/v2\/media?parent=1016"}],"curies":[{"name":"wp","href":"https:\/\/api.w.org\/{rel}","templated":true}]}}